462
-2c0 (base 16) to base 14
-384
What is a626 (base 11) in base 15?
4279
5301a (base 11) to base 12
3882b
2004 (base 6) to base 2
110110100
-18a4 (base 12) to base 5
-44004
18468 (base 9) to base 7
52154
What is -522 (base 8) in base 10?
-338
What is -d76 (base 16) in base 6?
-23542
971 (base 12) to base 15
621
What is 7c8 (base 15) in base 3?
2102022
What is -eee (base 16) in base 9?
-5216
What is 50201 (base 7) in base 8?
27510
Convert -1070 (base 12) to base 7.
-5166
What is -1aa (base 14) in base 10?
-346
What is -40c (base 15) in base 4?
-32100
What is 8143 (base 9) in base 12?
3540
-1002202122 (base 3) to base 8
-52302
-770 (base 10) to base 16
-302
Convert -1010011101 (base 2) to base 3.
-220210
Convert 1124341 (base 5) to base 8.
50164
What is -135b1 (base 13) in base 4?
-20310231
What is 244 (base 12) in base 9?
417
13404 (base 8) to base 5
142032
210022 (base 4) to base 2
100100001010
What is 225212 (base 6) in base 15?
5abe
Convert 10032 (base 5) to base 9.
783
Convert -28019 (base 10) to base 8.
-66563
What is 1c8 (base 13) in base 11?
283
What is -3300 (base 5) in base 12?
-316
What is 10032 (base 5) in base 10?
642
10330 (base 5) to base 15
32a
Convert 2a25 (base 16) to base 10.
10789
What is 16837 (base 14) in base 4?
31302301
Convert -4423 (base 8) to base 5.
-33243
What is -11100101 (base 2) in base 15?
-104
-10311 (base 4) to base 5
-2214
10101101100 (base 2) to base 6
10232
Convert 2aa36 (base 11) to base 5.
2400331
-222212 (base 3) to base 6
-3205
Convert -46621 (base 8) to base 13.
-9066
What is 2152 (base 8) in base 6?
5122
-3013301 (base 4) to base 3
-122112112
What is -1571 (base 11) in base 12?
-11ba
What is 306 (base 14) in base 10?
594
Convert -1541 (base 9) to base 4.
-102103
Convert -13322 (base 4) to base 15.
-23b
652 (base 12) to base 15
41b
-2962 (base 12) to base 9
-6552
-44 (base 9) to base 12
-34
What is -a45 (base 11) in base 7?
-3446
What is -10324 (base 6) in base 16?
-58c
What is 65a0 (base 12) in base 3?
120101010
-111120 (base 3) to base 14
-1c2
-914b (base 16) to base 8
-110513
Convert -2326 (base 14) to base 2.
-1011111011110
31130 (base 6) to base 3
12201000
-609 (base 13) to base 6
-4423
-2a71 (base 12) to base 2
-1001101110101
Convert 3544 (base 7) to base 16.
51a
Convert -10404 (base 5) to base 13.
-441
Convert -11000110001011 (base 2) to base 5.
-401213
Convert 1010202 (base 3) to base 8.
1476
Convert 10231 (base 4) to base 11.
254
What is 113 (base 16) in base 13?
182
Convert 210000 (base 3) to base 7.
1440
What is -34890 (base 10) in base 8?
-104112
Convert 123011 (base 5) to base 8.
11224
Convert -47622 (base 9) to base 16.
-7c6d
Convert -1d6 (base 15) to base 2.
-110101010
424 (base 7) to base 3
21221
-1100011011101010 (base 2) to base 15
-1014c
-47b5 (base 15) to base 3
-202220122
-1000321 (base 4) to base 8
-10071
Convert -57817 (base 9) to base 12.
-1a3a4
-57551 (base 9) to base 5
-2211414
Convert 4724 (base 14) to base 6.
133152
What is 2212411 (base 5) in base 8?
113121
Convert -247 (base 14) to base 5.
-3310
Convert -35b (base 13) to base 11.
-490
What is 2111112 (base 3) in base 11?
1408
232020 (base 4) to base 8
5610
32362 (base 7) to base 9
12067
-11166 (base 7) to base 12
-1789
What is -3042 (base 9) in base 6?
-14145
Convert -1203030 (base 5) to base 13.
-a199
30012 (base 4) to base 5
11044
Convert 11031 (base 4) to base 2.
101001101
Convert 6a0 (base 11) to base 12.
598
122021 (base 4) to base 14
877
-3431 (base 6) to base 9
-1101
Convert 374 (base 12) to base 8.
1010
238 (base 16) to base 6
2344
-3002 (base 5) to base 8
-571
Convert -1143 (base 7) to base 11.
-355
What is -2620 (base 8) in base 6?
-10332
1111110110010 (base 2) to base 12
4842
What is d5d2 (base 15) in base 16?
b08d
Convert 4821 (base 13) to base 8.
23667
Convert -c176 (base 13) to base 2.
-110100000000110
-1110011010000 (base 2) to base 5
-214001
What is 9817 (base 12) in base 10?
16723
What is 101010000000 (base 2) in base 10?
2688
What is 2450 (base 6) in base 7?
1524
What is 2120 (base 9) in base 11?
1196
Convert 110101011110 (base 2) to base 10.
3422
Convert -2e7a (base 15) to base 8.
-23437
1474 (base 10) to base 2
10111000010
What is 1101101 (base 2) in base 7?
214
-612 (base 7) to base 15
-153
What is -102324 (base 5) in base 12?
-2008
What is -1110110000000010 (base 2) in base 4?
-32300002
Convert -1716 (base 9) to base 15.
-5c6
What is -52a (base 15) in base 16?
-48d
165 (base 11) to base 16
c0
Convert 31002 (base 4) to base 14.
438
Convert -13521 (base 6) to base 5.
-32022
Convert 302 (base 8) to base 2.
11000010
What is -41bb (base 12) in base 14?
-28a3
What is -1405 (base 6) in base 4?
-11231
What is 2030300 (base 4) in base 2?
10001100110000
1534 (base 6) to base 16
1a2
What is -51606 (base 8) in base 3?
-1002022221
What is 12350 (base 7) in base 14?
1297
492 (base 16) to base 5
14140
What is -73615 (base 8) in base 15?
-9105
Convert -4617 (base 8) to base 14.
-c6b
-346 (base 13) to base 2
-1000110101
What is ab7 (base 15) in base 9?
3281
-103440 (base 5) to base 10
-3620
What is -1813 (base 14) in base 15?
-1439
Convert 11010201202 (base 3) to base 6.
1425032
What is -3127 (base 9) in base 10?
-2293
What is 155434 (base 6) in base 5?
444002
Convert -1212 (base 5) to base 4.
-2312
Convert 61e (base 16) to base 8.
3036
Convert 1000111011111100 (base 2) to base 5.
2132404
What is -322221 (base 4) in base 9?
-5130
Convert -3203 (base 7) to base 11.
-938
What is -10211211 (base 3) in base 10?
-2803
Convert 55260 (base 7) to base 9.
21010
1121 (base 4) to base 3
10022
Convert -64153 (base 7) to base 16.
-3df9
Convert -39232 (base 11) to base 6.
-1112031
Convert -21039 (base 13) to base 2.
-1110011111100111
-11000100010001 (base 2) to base 10
-12561
38759 (base 10) to base 12
1a51b
What is 24517 (base 9) in base 7?
65662
Convert 256 (base 10) to base 2.
100000000
What is 101121102 (base 3) in base 13?
369b
Convert -7631 (base 10) to base 4.
-1313033
What is -4323 (base 5) in base 9?
-723
What is -a0 (base 13) in base 7?
-244
Convert 2374 (base 12) to base 6.
30224
Convert 112020 (base 4) to base 13.
84c
-4af (base 16) to base 12
-83b
Convert 867 (base 12) to base 8.
2317
-55071 (base 10) to base 7
-316362
1323223 (base 5) to base 16
6840
1903 (base 16) to base 11
48a1
What is 85a (base 13) in base 2?
10110010011
What is -11011110100010 (base 2) in base 10?
-14242
102010 (base 5) to base 9
4565
Convert 8323 (base 11) to base 9.
16122
What is -1004343 (base 5) in base 12?
-947b
Convert -2145 (base 6) to base 9.
-612
-d4 (base 16) to base 11
-183
What is -601 (base 8) in base 4?
-12001
-166 (base 10) to base 12
-11a
Convert -3286 (base 13) to base 12.
-40a7
What is -c9b (base 16) in base 10?
-3227
What is -8ab (base 15) in base 2?
-11110101001
Convert 1a7 (base 14) to base 12.
247
What is 100001 (base 3) in base 11?
202
-10230 (base 6) to base 8
-2552
What is -10094 (base 10) in base 14?
-3970
1000010110 (base 2) to base 7
1362
-112112 (base 3) to base 2
-110001000
1110010110 (base 2) to base 3
1021000
Convert -111266 (base 7) to base 5.
-1112242
What is -313 (base 8) in base 5?
-1303
What is 8043 (base 11) in base 9?
15603
-c952 (base 13) to base 8
-66460
Convert -3105 (base 6) to base 15.
-30e
Convert -2111212 (base 3) to base 9.
-2455
632 (base 10) to base 3
212102
Convert 1223102 (base 4) to base 10.
6866
-413121 (base 5) to base 2
-11010011100000
What is -4401 (base 5) in base 16?
-259
What is -11010 (base 3) in base 4?
-1233
Convert -4015 (base 10) to base 13.
-1a9b
Convert 120120 (base 3) to base 16.
1a4
What is 1011100001000 (base 2) in base 6?
43144
830 (base 12) to base 11
990
Convert 2001100 (base 3) to base 2.
10111010110
159 (base 10) to base 7
315
What is 398b (base 13) in base 9?
12251
-10111010110110 (base 2) to base 3
-121101220
What is -512 (base 9) in base 6?
-1532
What is -a57 (base 11) in base 9?
-1663
Convert 11002211 (base 3) to base 2.
101110110000
Convert -27157 (base 8) to base 9.
-17267
-44 (base 9) to base 4
-220
-11011110 (base 2) to base 10
-222
What is -81b (base 14) in base 15?
-713
-21022023 (base 4) to base 2
-1001001010001011
101022 (base 4) to base 3
1111200
-12034 (base 5) to base 4
-31332
What is -5423 (base 9) in base 11?
-2aa8
What is 2b88 (base 15) in base 13?
4